t is -1324 - -4?
-1320
In base 8, what is 4 - 1136?
-1132
In base 9, what is 3 + -2?
1
In base 8, what is 3 - -36?
41
In base 15, what is -b + -b1?
-bc
In base 11, what is -14 - 3?
-17
In base 10, what is 302 - -3?
305
In base 16, what is 1 + 4?
5
In base 7, what is 5 - 1026?
-1021
In base 4, what is 0 - 20?
-20
In base 13, what is -37b - -1?
-37a
In base 12, what is 0 + 345?
345
In base 3, what is 2112212 - -20?
2120002
In base 11, what is a9 - 10?
99
In base 10, what is -18801 + -5?
-18806
In base 14, what is 17 + 43?
5a
In base 15, what is 7 + 54?
5b
In base 6, what is -5130 - -2?
-5124
In base 7, what is -426 - 15?
-444
In base 2, what is -1100 - -1011?
-1
In base 3, what is -10221102000 + 12?
-10221101211
In base 15, what is 781 + -2?
77e
In base 7, what is 5 + -26316?
-26311
In base 3, what is 12 - 10021?
-10002
In base 5, what is -10 + 142?
132
In base 12, what is -5 + -1b?
-24
In base 2, what is -10101 + 11?
-10010
In base 7, what is 41 - 50?
-6
In base 11, what is -2 + 91a?
918
In base 14, what is -8a - -5?
-85
In base 7, what is 216 - 5?
211
In base 3, what is -10 + -10000?
-10010
In base 10, what is -177 + -35?
-212
In base 2, what is -1 - 0?
-1
In base 16, what is -63 + 4f?
-14
In base 10, what is 647 - -5?
652
In base 16, what is -105 + -1?
-106
In base 16, what is -5 + 4ef?
4ea
In base 8, what is 77 + -24?
53
In base 3, what is -1212112 - -1?
-1212111
In base 4, what is 2010 - -3?
2013
In base 4, what is 1 + -1013?
-1012
In base 14, what is 1059 - -1?
105a
In base 8, what is -13 + 113?
100
In base 11, what is -49 + 2?
-47
In base 11, what is 42 + -86?
-44
In base 14, what is -680 - 4?
-684
In base 16, what is 173 + -2?
171
In base 9, what is 330 - 1?
328
In base 14, what is 3 + 2a2?
2a5
In base 7, what is -3 + 261?
255
In base 7, what is 14 - -352?
366
In base 15, what is 5 + -de?
-d9
In base 16, what is -9 - -23?
1a
In base 3, what is 200 + -111?
12
In base 10, what is 51 - -3?
54
In base 9, what is 1432 + -2?
1430
In base 14, what is 4 - 93?
-8d
In base 6, what is -11 + -3235?
-3250
In base 2, what is 111101110 - 100?
111101010
In base 15, what is -29 + -21?
-4a
In base 14, what is -1a - -d2?
b6
In base 15, what is 13 + 28?
3b
In base 11, what is 506 + -20?
496
In base 5, what is -22 - -22?
0
In base 6, what is 1 + -2023?
-2022
In base 14, what is 1d - 4?
19
In base 13, what is 6321 - 5?
6319
In base 7, what is 126303 + 4?
126310
In base 5, what is -133203 - -4?
-133144
In base 3, what is -21 + 211?
120
In base 8, what is 5 - 11?
-4
In base 3, what is -122 - -122?
0
In base 9, what is 15 - 221?
-205
In base 8, what is -15710 - 0?
-15710
In base 9, what is -42 - 1?
-43
In base 15, what is -2 + -86?
-88
In base 7, what is -21503 + -3?
-21506
In base 7, what is 2 + -2?
0
In base 7, what is 25265 + 2?
25300
In base 11, what is -2 - -29?
27
In base 11, what is -267 + 0?
-267
In base 16, what is -487 - -7?
-480
In base 4, what is -10 - -23312?
23302
In base 6, what is 1 + 14412?
14413
In base 5, what is -1 + 3024?
3023
In base 3, what is 121 + -1?
120
In base 11, what is -2a - -12?
-18
In base 2, what is -11000011 - 10?
-11000101
In base 7, what is 51 - -53?
134
In base 9, what is 2 - -7223?
7225
In base 15, what is -36 - -7e?
48
In base 11, what is -672a + 3?
-6727
In base 3, what is 110111022 + 0?
110111022
In base 5, what is 3 + -301?
-243
In base 3, what is 121 + 120?
1011
In base 4, what is 3 + -23033?
-23030
In base 7, what is 45 - 2?
43
In base 2, what is 100 - 1001000?
-1000100
In base 16, what is -3 - -aa?
a7
In base 13, what is 206 - 3?
203
In base 9, what is 175 - -2?
177
In base 12, what is 861 - 4?
859
In base 10, what is -276 - 2?
-278
In base 5, what is -24 + -313?
-342
In base 2, what is -101001 + -10?
-101011
In base 4, what is -111 + 3030?
2313
In base 14, what is -3 + 111b?
1118
In base 2, what is -110000 + 100?
-101100
In base 3, what is -1212122 + -11?
-1212210
In base 6, what is -10 - -11103?
11053
In base 8, what is 7 - -171?
200
In base 5, what is 12 + 3310?
3322
In base 4, what is 13323 + 11?
20000
In base 11, what is -7 - -12?
6
In base 11, what is -2 + 32?
30
In base 15, what is 56 - 18?
3d
In base 16, what is 2 - d?
-b
In base 8, what is -54 + -124?
-200
In base 5, what is -442 - -3?
-434
In base 12, what is 8 - -6?
12
In base 14, what is -c0 - -1?
-bd
In base 4, what is -1 - 1133022?
-1133023
In base 15, what is -4 + 3d?
39
In base 6, what is -22 + -443?
-505
In base 16, what is -2 + 2ca?
2c8
In base 4, what is 2 - 10231?
-10223
In base 8, what is -16 - 0?
-16
In base 3, what is 2 + -1111?
-1102
In base 12, what is 13 + 355?
368
In base 3, what is -1 + -102?
-110
In base 2, what is -11 + -1?
-100
In base 4, what is -22300 + 2?
-22232
In base 5, what is -411122 - 3?
-411130
In base 8, what is -3544 - 2?
-3546
In base 6, what is -1 - 1?
-2
In base 4, what is -11 + 120?
103
In base 6, what is -3 - -13?
10
In base 7, what is -2034 - 3?
-2040
In base 2, what is -101 + -10010101?
-10011010
In base 3, what is -10002200 + -10?
-10002210
In base 12, what is -1 + 4600?
45bb
In base 2, what is -100110001010 - 10?
-100110001100
In base 2, what is 10 - 11111000001?
-11110111111
In base 10, what is 97 + -314?
-217
In base 10, what is 11 + -15?
-4
In base 3, what is 10012 - 11212?
-1200
In base 2, what is 11010 - -11110?
111000
In base 5, what is -14323 + 1?
-14322
In base 3, what is 22221010 + -11?
22220222
In base 16, what is -3 + 14?
11
In base 15, what is -3 - 63?
-66
In base 10, what is 342 - 6?
336
In base 8, what is -2 - -43?
41
In base 3, what is -2110212 + 0?
-2110212
In base 10, what is 8 - -16?
24
In base 2, what is 10 + 1111110?
10000000
In base 9, what is 5 + -438?
-433
In base 6, what is -4 + -2?
-10
In base 14, what is -100c + -3?
-1011
In base 10, what is -4 - 3655?
-3659
In base 9, what is 1 - 1702?
-1701
In base 9, what is -4 - 77?
-82
In base 13, what is -274 - 3?
-277
In base 8, what is -4 + 12?
6
In base 9, what is 2 - -1547?
1550
In base 7, what is -52 + 16?
-33
In base 5, what is -4411 + -10?
-4421
In base 2, what is 110100011 + -10?
110100001
In base 14, what is 48 + -23?
25
In base 11, what is -1350 - 24?
-1374
In base 11, what is -1 + 3684?
3683
In base 10, what is -5 + -323?
-328
In base 16, what is -3 - 156?
-159
In base 11, what is -6 - -1?
-5
In base 16, what is 129 - -4?
12d
In base 12, what is 0 - -66?
66
In base 13, what is -13 + 23c?
229
In base 5, what is 10 - -14232?
14242
In base 6, what is -534 - 23?
-1001
In base 4, what is 203 + -1233?
-1030
In base 13, what is -1 + -22?
-23
In base 12, what is -5 - 38?
-41
In base 16, what is -79 - -2?
-77
In base 6, what is 5 - -30411?
30420
In base 13, what is 1a1 - 1?
1a0
In base 13, what is -1397 + -3?
-139a
In base 2, what is 1010 + 11?
1101
In base 2, what is 1011001100100 - -10?
1011001100110
In base 14, what is -7 - -20?
17
In base 8, what is -4611 - -3?
-4606
In base 4, what is -12031101 + 3?
-12031032
In base 13, what is 2 - 0?
2
In base 9, what is 10446 + -1?
10445
In base 3, what is 1 + -22022?
-22021
In base 6, what is -5 - 2500?
-2505
In base 4, what is 21303000 + 11?
21303011
In base 2, what is -110 + -10010?
-11000
In base 7, what is -2 - -2?
0
In base 8, what is 4 - -157?
163
In base 11, what is -6a + 2?
-68
In base 12, what is -b4 + -11?
-105
In base 3, what is -10 - 222?
-1002
In base 13, what is -4 - 125?
-129
In base 13, what is 3 + 38?
3b
In base 3, what is 12220 - -11?
20001
In base 7, what is -415 - 22?
-440
In base 11, what is -5a - -1?
-59
In base 7, what is -1 - -30?
26
In base 15, what is 57 - -d1?
138
In base 8, what is 5 + 1652?
1657
In base 8, what is -11 - -60?
47
In base 11, what is -150 + -3?
-153
In base 8, what is -5 - 4263?
-4270
In base 15, what is 6ae + -2?
6ac
In base 4, what is -330 - -11?
-313
In base 11, what is -1 - -11?
10
In base 5, what is 220 + 0?
220
In base 5, what is -3141 + 13?
-3123
In base 13, what is 3a1 - 0?
3a1
In base 9, what is -3 - 13?
-16
In base 4, what is -21013 - -1?
-21012
In base 5, what is 433 + -2?
431
In base 14, what is -38 + -22?
-5a
In base 6, what is 1223 + -40?
1143
In base 7, what is -30 + -211?
-241
In base 14, what is -5 - -18b?
186
In base 4, what is 10 + -22?
-12
In base 3, what is -1000 - -1000?
0
In base 2, what is 11 + 11001?
11100
In base 12, what is 0 + 4486?